{"id":201,"date":"2021-01-24T12:23:44","date_gmt":"2021-01-24T11:23:44","guid":{"rendered":"http:\/\/www.autoscool-clermont.com\/lblum\/?page_id=201"},"modified":"2021-01-24T19:04:34","modified_gmt":"2021-01-24T18:04:34","slug":"formation-125","status":"publish","type":"page","link":"https:\/\/www.autoscool-clermont.com\/lblum\/index.php\/formation-125\/","title":{"rendered":"Formation 125"},"content":{"rendered":"\n<p><span style=\"color: #ff0000;\"><strong style=\"font-size: 1.4em;\">Pour qui ?<\/strong><\/span><\/p>\n\n\n\n<p>\n\nCette formation s&rsquo;adresse \u00e0 toute personne ayant le permis B depuis plus de 2 ans. Elle permet de conduire une motocyclette l\u00e9g\u00e8re de 50 \u00e0 125 cm\u00b3 ou un tricycle \u00e0 moteur de plus de 50 cm\u00b3 (il est possible de commencer la formation 1 mois avant la date anniversaire des 2 ann\u00e9es).\n\n<\/p>\n\n\n\n<p>Cette formation de 7h est obligatoire, sauf pour les personnes ayant&nbsp;d\u00e9j\u00e0 conduit ce genre de v\u00e9hicules entre 1er janvier 2006 et le 1er janvier 2011 en sont dispens\u00e9es, tout comme les automobilistes ayant valid\u00e9 une cat\u00e9gorie de permis avant le 1er mars 1980.<\/p>\n\n\n\n<p><span style=\"color: #ff0000;\"><strong style=\"font-size: 1.4em;\">D\u00e9roulement de la formation<\/strong><\/span><\/p>\n\n\n\n<p>&#8211; 2h d\u00e9di\u00e9es \u00e0 la th\u00e9orie<br>&#8211; 2h d\u00e9di\u00e9es \u00e0 la prise en main du 2 roues<br>&#8211; 3h d\u00e9di\u00e9es \u00e0 la conduite en circulation<\/p>\n\n\n\n<p><\/p>\n","protected":false},"excerpt":{"rendered":"<p>Pour qui ? Cette formation s&rsquo;adresse \u00e0 toute personne ayant le permis B depuis plus de 2 ans. Elle permet de conduire une motocyclette l\u00e9g\u00e8re de 50 \u00e0 125 cm\u00b3 ou un tricycle \u00e0 moteur de plus de 50 cm\u00b3 (il est possible de commencer la formation 1 mois avant la date anniversaire des 2 &#8230; <a title=\"Formation 125\" class=\"read-more\" href=\"https:\/\/www.autoscool-clermont.com\/lblum\/index.php\/formation-125\/\" aria-label=\"En savoir plus sur Formation 125\">Lire la suite<\/a><\/p>\n","protected":false},"author":1,"featured_media":0,"parent":0,"menu_order":0,"comment_status":"closed","ping_status":"closed","template":"","meta":{"footnotes":""},"_links":{"self":[{"href":"https:\/\/www.autoscool-clermont.com\/lblum\/index.php\/wp-json\/wp\/v2\/pages\/201"}],"collection":[{"href":"https:\/\/www.autoscool-clermont.com\/lblum\/index.php\/wp-json\/wp\/v2\/pages"}],"about":[{"href":"https:\/\/www.autoscool-clermont.com\/lblum\/index.php\/wp-json\/wp\/v2\/types\/page"}],"author":[{"embeddable":true,"href":"https:\/\/www.autoscool-clermont.com\/lblum\/index.php\/wp-json\/wp\/v2\/users\/1"}],"replies":[{"embeddable":true,"href":"https:\/\/www.autoscool-clermont.com\/lblum\/index.php\/wp-json\/wp\/v2\/comments?post=201"}],"version-history":[{"count":7,"href":"https:\/\/www.autoscool-clermont.com\/lblum\/index.php\/wp-json\/wp\/v2\/pages\/201\/revisions"}],"predecessor-version":[{"id":239,"href":"https:\/\/www.autoscool-clermont.com\/lblum\/index.php\/wp-json\/wp\/v2\/pages\/201\/revisions\/239"}],"wp:attachment":[{"href":"https:\/\/www.autoscool-clermont.com\/lblum\/index.php\/wp-json\/wp\/v2\/media?parent=201"}],"curies":[{"name":"wp","href":"https:\/\/api.w.org\/{rel}","templated":true}]}}