{"id":339,"date":"2024-11-29T16:29:53","date_gmt":"2024-11-29T15:29:53","guid":{"rendered":"https:\/\/www.autoscool-clermont.com\/lblum\/?page_id=339"},"modified":"2024-11-29T16:29:54","modified_gmt":"2024-11-29T15:29:54","slug":"procede-de-positionnement-et-devaluation","status":"publish","type":"page","link":"https:\/\/www.autoscool-clermont.com\/lblum\/index.php\/procede-de-positionnement-et-devaluation\/","title":{"rendered":"Proc\u00e9d\u00e9 de positionnement et d&rsquo;\u00e9valuation"},"content":{"rendered":"\n<p><\/p>\n\n\n\n<p><strong>FORMATION\nB<\/strong><\/p>\n\n\n\n<p><strong>Proc\u00e9dures d\u2019\u00e9valuation <\/strong><\/p>\n\n\n\n<p>Avant la formation<\/p>\n\n\n\n<p>Pour d\u00e9buter\nvotre formation, une \u00e9valuation de vos comp\u00e9tences sera r\u00e9alis\u00e9e. <\/p>\n\n\n\n<p>Cette\n\u00e9valuation est conforme \u00e0 l\u2019arr\u00eat\u00e9 du 5 mars 1991 et \u00e9tendue par le d\u00e9cret du\n26 d\u00e9cembre 2000, lorsqu\u2019un candidat choisit de s\u2019inscrire dans une \u00e9cole de\nconduite. <\/p>\n\n\n\n<p>Elle est\nobligatoire pour toute personne \u00e2g\u00e9e de : <br>\n&#8211; au moins 15 ans, souhaitant d\u00e9buter un apprentissage anticip\u00e9 \u00e0 la conduite\naccompagn\u00e9e (AAC) ; <br>\n&#8211; au moins 16 ans, souhaitant d\u00e9buter une formation traditionnelle ; <br>\n&#8211; au moins 18 ans, souhaitant d\u00e9buter une formation \u00e0 la conduite supervis\u00e9e\n(CS).<br>\nElle est organis\u00e9e avant l\u2019inscription d\u00e9finitive et permettra \u00e0 l\u2019enseignant\nde la conduite de d\u00e9finir le nombre d\u2019heures n\u00e9cessaires au candidat pour qu\u2019il\npuisse obtenir son permis de conduire. Selon la progression de l\u2019\u00e9l\u00e8ve, de son\nimplication, et de la fr\u00e9quence des heures, cette estimation pourra \u00eatre\nmodifi\u00e9e.<\/p>\n\n\n\n<p><strong>COMP\u00c9TENCES \u00c9VALU\u00c9ES : QUESTIONS ET\nEXERCICES<\/strong><\/p>\n\n\n\n<table class=\"wp-block-table\"><tbody><tr><td>\n  <strong>Renseignements d&rsquo;ordre g\u00e9n\u00e9ral<\/strong>\n  <\/td><td>\n  Sur la base d\u2019un questionnaire :\n  Identit\u00e9, \u00e2ge, niveau scolaire, profession, nationalit\u00e9, acuit\u00e9 visuelle,\n  correction de la vision, visite m\u00e9dicale, incompatibilit\u00e9s d\u00e9clar\u00e9es. \n  &nbsp;\n  Ces crit\u00e8res n\u2019entra\u00eenent pas de\n  chiffrage, mais permettent de donner des orientations au formateur sur les\n  difficult\u00e9s \u00e9ventuelles de compr\u00e9hension de la langue fran\u00e7aise ainsi\n  qu\u2019\u00e9ventuellement de d\u00e9pister des d\u00e9ficiences sensorielles ou motrices et de\n  proposer une visite m\u00e9dicale ou de sugg\u00e9rer un simple appareillage de la vue\n  par exemple\n  <\/td><\/tr><tr><td>\n  <strong>Exp\u00e9rience de la conduite <\/strong>\n  <\/td><td>\n  Sur la base d\u2019un questionnaire : \n  Permis poss\u00e9d\u00e9s ; V\u00e9hicules conduits ;\n  Temps et lieu de pratique en <br>\n  conduite ; avec quel profil d\u2019accompagnateur\n  <\/td><\/tr><tr><td>\n  <strong>Exercices cognitifs<\/strong>\n  <\/td><td>\n  Ces exercices permettent de\n  positionner le futur apprenti conducteur face aux aptitudes et aux\n  comportements n\u00e9cessaires \u00e0 la conduite&nbsp;:\n  &#8211; Inhibition \n  &#8211; Ob\u00e9issance aux R\u00e8gles\n  &#8211; Attention Partag\u00e9e\n  &#8211; Adaptation\n  &#8211; Estimation\n  &#8211; Pr\u00e9vention des Risques\n  &#8211; Coordination Motrice\n  &#8211; Largeur Champ de Vision\n  &#8211; M\u00e9moire Visuelle \u00e0 Court-terme\n  &#8211; Balayage Visuel\n  &#8211; Temps de R\u00e9action\n  &#8211; Concentration\n  <\/td><\/tr><\/tbody><\/table>\n\n\n\n<p><strong>LE MOYEN UTILIS\u00c9 <\/strong><\/p>\n\n\n\n<p>Cette\n\u00e9valuation est r\u00e9alis\u00e9e \u00e0 l\u2019aide du logiciel EasyEvaluation propos\u00e9 par Code\nRousseau.<\/p>\n\n\n\n<p><strong>LA DUR\u00c9E<\/strong><br>\nEnviron 1h<\/p>\n\n\n\n<p><strong>INFORMATION DU PUBLIC<\/strong> <\/p>\n\n\n\n<p>Le proc\u00e9d\u00e9\nde l&rsquo;\u00e9valuation est port\u00e9 \u00e0 la connaissance du public sur le site internet de\nl\u2019\u00e9tablissement.<\/p>\n","protected":false},"excerpt":{"rendered":"<p>FORMATION B Proc\u00e9dures d\u2019\u00e9valuation Avant la formation Pour d\u00e9buter votre formation, une \u00e9valuation de vos comp\u00e9tences sera r\u00e9alis\u00e9e. Cette \u00e9valuation est conforme \u00e0 l\u2019arr\u00eat\u00e9 du 5 mars 1991 et \u00e9tendue par le d\u00e9cret du 26 d\u00e9cembre 2000, lorsqu\u2019un candidat choisit de s\u2019inscrire dans une \u00e9cole de conduite. Elle est obligatoire pour toute personne \u00e2g\u00e9e de &#8230; <a title=\"Proc\u00e9d\u00e9 de positionnement et d&rsquo;\u00e9valuation\" class=\"read-more\" href=\"https:\/\/www.autoscool-clermont.com\/lblum\/index.php\/procede-de-positionnement-et-devaluation\/\" aria-label=\"En savoir plus sur Proc\u00e9d\u00e9 de positionnement et d&rsquo;\u00e9valuation\">Lire la suite<\/a><\/p>\n","protected":false},"author":1,"featured_media":0,"parent":0,"menu_order":0,"comment_status":"closed","ping_status":"closed","template":"","meta":{"footnotes":""},"_links":{"self":[{"href":"https:\/\/www.autoscool-clermont.com\/lblum\/index.php\/wp-json\/wp\/v2\/pages\/339"}],"collection":[{"href":"https:\/\/www.autoscool-clermont.com\/lblum\/index.php\/wp-json\/wp\/v2\/pages"}],"about":[{"href":"https:\/\/www.autoscool-clermont.com\/lblum\/index.php\/wp-json\/wp\/v2\/types\/page"}],"author":[{"embeddable":true,"href":"https:\/\/www.autoscool-clermont.com\/lblum\/index.php\/wp-json\/wp\/v2\/users\/1"}],"replies":[{"embeddable":true,"href":"https:\/\/www.autoscool-clermont.com\/lblum\/index.php\/wp-json\/wp\/v2\/comments?post=339"}],"version-history":[{"count":1,"href":"https:\/\/www.autoscool-clermont.com\/lblum\/index.php\/wp-json\/wp\/v2\/pages\/339\/revisions"}],"predecessor-version":[{"id":340,"href":"https:\/\/www.autoscool-clermont.com\/lblum\/index.php\/wp-json\/wp\/v2\/pages\/339\/revisions\/340"}],"wp:attachment":[{"href":"https:\/\/www.autoscool-clermont.com\/lblum\/index.php\/wp-json\/wp\/v2\/media?parent=339"}],"curies":[{"name":"wp","href":"https:\/\/api.w.org\/{rel}","templated":true}]}}