{"id":63,"date":"2020-02-12T22:22:40","date_gmt":"2020-02-12T21:22:40","guid":{"rendered":"http:\/\/www.autoscool-clermont.com\/lblum\/?page_id=63"},"modified":"2023-10-17T16:26:54","modified_gmt":"2023-10-17T14:26:54","slug":"conduite-accompagnee","status":"publish","type":"page","link":"https:\/\/www.autoscool-clermont.com\/lblum\/index.php\/formations\/conduite-accompagnee\/","title":{"rendered":"Conduite accompagn\u00e9e"},"content":{"rendered":"<div>\n<div>\n<h2><span style=\"color: #ff6600;\">L&rsquo;APPRENTISSAGE ANTICIPE DE LA CONDUITE<\/span><\/h2>\n<h3><span style=\"color: #ff6600;\"><strong>Une formation pour une meilleure s\u00e9curit\u00e9<\/strong><\/span><\/h3>\n<h3><span style=\"color: #ff6600;\"><strong>Principe<\/strong><\/span><\/h3>\n<p><span style=\"color: #000000;\"><a style=\"color: #000000;\" href=\"http:\/\/www.autoscool-clermont.com\/wp-content\/uploads\/2011\/05\/42ce5e2f69d2cf9a227a18ec861df7de-300x300.gif\"><img loading=\"lazy\" decoding=\"async\" class=\"alignleft size-full wp-image-275\" title=\"livret AAC\" src=\"http:\/\/www.autoscool-clermont.com\/wp-content\/uploads\/2011\/05\/42ce5e2f69d2cf9a227a18ec861df7de-300x300.gif\" alt=\"\" width=\"142\" height=\"206\" \/><\/a>Avec l\u2019AAC, je ne pr\u00e9pare pas seulement les \u00e9preuves du permis de conduire. J\u2019approfondis avec mon enseignant les comportements qui me permettront de mieux pr\u00e9voir les situations \u00e0 risques. J\u2019apprends \u00e0 mon rythme avec l\u2019aide d\u2019un accompagnateur qui me conna\u00eet bien et qui me permet d\u2019acqu\u00e9rir une tr\u00e8s forte exp\u00e9rience.<\/span><\/p>\n<\/div>\n<\/div>\n<div>\n<h3><span style=\"color: #ff6600;\"><strong>Conditions d&rsquo;Inscription<\/strong><\/span><\/h3>\n<p><span style=\"color: #000000;\">15 ans minimum, sans limite sup\u00e9rieure d\u2019\u00e2ge. (la conduite supervis\u00e9e est \u00e0 conseiller pour un candidat majeur)<\/span><\/p>\n<h3><span style=\"color: #ff6600;\"><strong>D\u00e9roulement de la formation<\/strong><\/span><\/h3>\n<p><span style=\"color: #000000;\">Suite \u00e0 une \u00e9valuation pr\u00e9alable, un contrat de formation qui ne peut pas \u00eatre inf\u00e9rieur \u00e0 20 heures est sign\u00e9 entre une auto-\u00e9cole et l\u2019apprenti conducteur. ayant obtenu un agr\u00e9ment pr\u00e9fectoral sp\u00e9cifique.<\/span><\/p>\n<h3><span style=\"color: #ff6600;\"><strong>La formation initiale<\/strong><\/span><\/h3>\n<p>La conduite accompagn\u00e9e se d\u00e9roule en 2 phases :<\/p>\n<p><span style=\"color: #000000;\">\u2022 une p\u00e9riode de formation initiale, <\/span><br \/>\n<span style=\"color: #000000;\">\u2022 une p\u00e9riode de conduite accompagn\u00e9e. <\/span><\/p>\n<p><span style=\"color: #000000;\">Avant de pouvoir conduire avec un accompagnateur, la formation initiale comprend : <\/span><\/p>\n<p><span style=\"color: #000000;\">\u2022 une \u00e9valuation pr\u00e9alable (1h) ; <\/span><br \/>\n<span style=\"color: #000000;\">\u2022 une formation th\u00e9orique pour la pr\u00e9paration \u00e0 l\u2019\u00e9preuve th\u00e9orique g\u00e9n\u00e9rale, dite \u00e9preuve du \u00abcode\u00bb ; <\/span><br \/>\n<span style=\"color: #000000;\">\u2022 une formation pratique (cours de conduite) de 20h au moins (13 heures en cas d\u2019utilisation d\u2019une bo\u00eete de vitesses automatique). <\/span><\/p>\n<p><span style=\"color: #000000;\">Une fois l\u2019\u00e9preuve du code obtenue et le niveau de conduite jug\u00e9 satisfaisant par l\u2019enseignant, celui-ci d\u00e9livre une attestation de fin de formation initiale (AFFI). <\/span><br \/>\n<span style=\"color: #000000;\">Cette attestation est consign\u00e9e dans le livret d\u2019apprentissage. <\/span><br \/>\n<span style=\"color: #000000;\">Elle est aussi remise \u00e0 la compagnie d\u2019assurance, car elle est indispensable pour commencer la conduite accompagn\u00e9e. <\/span><br \/>\n<span style=\"color: #000000;\">La phase de conduite accompagn\u00e9e d\u00e9bute par un rendez-vous pr\u00e9alable d\u2019une dur\u00e9e minimale de 2h. <\/span><br \/>\n<span style=\"color: #000000;\">Il r\u00e9unit l\u2019\u00e9l\u00e8ve, install\u00e9 au poste de conduite, l\u2019enseignant \u00e0 ses c\u00f4t\u00e9s et l\u2019accompagnateur assis \u00e0 l\u2019arri\u00e8re, afin de r\u00e9aliser le \u00abpassage de relais\u00bb entre l\u2019enseignant de la conduite et l\u2019accompagnateur.\u00a0<\/span><\/p>\n<h3><span style=\"color: #ff6600;\"><strong>La p\u00e9riode de conduite accompagn\u00e9e<\/strong><\/span><\/h3>\n<p><span style=\"color: #000000;\">A compter de la date de d\u00e9livrance de l\u2019attestation de fin de formation initiale, l\u2019apprenti conducteur durant sa p\u00e9riode de conduite accompagn\u00e9e doit :<\/span><\/p>\n<ul>\n<li><span style=\"color: #000000;\">Parcourir 3 000 km minimum sous la vigilance et avec les conseils d\u2019un accompagnateur. Cette p\u00e9riode dure 1 ans minimum.<br \/>\n<\/span><\/li>\n<li><span style=\"color: #000000;\">Se rendre avec le ou les accompagnateur(s) et le formateur \u00e0 deux rendez-vous p\u00e9dagogique qui durent chacun 3 heures:<\/span><br \/>\n<span style=\"color: #000000;\"> Chaque RDV p\u00e9dagogique se compose d\u2019une heure de conduite permettant au formateur d\u2019\u00e9valuer le comportement et la progression de l\u2019\u00e9l\u00e8ve et d\u2019un \u00e9change en salle autour de l\u2019exp\u00e9rience acquise et de de th\u00e8mes de s\u00e9curit\u00e9 routi\u00e8re : la vitesse, l\u2019alcool, la vigilance et la fatigue, les assurances.<\/span><br \/>\n<span style=\"color: #000000;\"> Au deuxi\u00e8me rendez-vous p\u00e9dagogique, le formateur \u00e9value si l\u2019\u00e9l\u00e8ve est apte \u00e0 \u00eatre pr\u00e9sent\u00e9 \u00e0 l\u2019\u00e9preuve pratique du permis de conduire.<\/span><\/li>\n<\/ul>\n<h3><span style=\"color: #ff6600;\"><strong>L&rsquo;examen pratique<\/strong><\/span><\/h3>\n<p><span style=\"color: #000000;\">D\u00e8s 17 ans, l&rsquo;apprenti conducteur peut passer l&rsquo;examen du permis de conduire. Si le r\u00e9sultat de l&rsquo;examen est favorable, Il devra n\u00e9anmoins attendre sa majorit\u00e9 pour rouler seul.<\/span><\/p>\n<h3><span style=\"color: #ff6600;\"><strong>QUE DES AVANTAGES!<\/strong><\/span><\/h3>\n<p><span style=\"color: #000000;\">Pratiquer l\u2019apprentissage anticip\u00e9 de la conduite va incontestablement dans le sens d\u2019une plus grande s\u00e9curit\u00e9 !<\/span><\/p>\n<p><span style=\"color: #000000;\">L\u2019AAC permet d\u2019acqu\u00e9rir une exp\u00e9rience de la conduite en toute s\u00e9curit\u00e9 sous contr\u00f4le d\u2019un accompagnateur avant l\u2019obtention du permis de conduire.<\/span><\/p>\n<p><span style=\"color: #000000;\">L\u2019AAC est une formule rassurante pour les parents et pour l\u2019apprenti conducteur.<\/span><\/p>\n<p><span style=\"color: #000000;\">L\u2019AAC permet de conna\u00eetre un meilleur taux de r\u00e9ussite au permis de conduire. Pr\u00e8s de 70% en 2008 contre moins de 50% avec une formation traditionnelle.<\/span><\/p>\n<p><span style=\"color: #000000;\">Enfin, gr\u00e2ce \u00e0 l\u2019AAC, la dur\u00e9e du permis probatoire est de deux ans au lieu de trois ans (sans infraction entra\u00eenant un retrait de point du permis de conduire).<\/span><\/p>\n<p><span style=\"color: #000000;\">L\u2019AAC est accessible \u00e0 tous \u00e0 partir de 15 ans, sans limite sup\u00e9rieure d\u2019\u00e2ge.<\/span><\/p>\n<p><span style=\"color: #000000;\">Une Autonomie d\u00e8s la majorit\u00e9.<\/span><\/p>\n<\/div>\n","protected":false},"excerpt":{"rendered":"<p>L&rsquo;APPRENTISSAGE ANTICIPE DE LA CONDUITE Une formation pour une meilleure s\u00e9curit\u00e9 Principe Avec l\u2019AAC, je ne pr\u00e9pare pas seulement les \u00e9preuves du permis de conduire. J\u2019approfondis avec mon enseignant les comportements qui me permettront de mieux pr\u00e9voir les situations \u00e0 risques. J\u2019apprends \u00e0 mon rythme avec l\u2019aide d\u2019un accompagnateur qui me conna\u00eet bien et qui &#8230; <a title=\"Conduite accompagn\u00e9e\" class=\"read-more\" href=\"https:\/\/www.autoscool-clermont.com\/lblum\/index.php\/formations\/conduite-accompagnee\/\" aria-label=\"En savoir plus sur Conduite accompagn\u00e9e\">Lire la suite<\/a><\/p>\n","protected":false},"author":1,"featured_media":0,"parent":53,"menu_order":3,"comment_status":"closed","ping_status":"closed","template":"","meta":{"footnotes":""},"_links":{"self":[{"href":"https:\/\/www.autoscool-clermont.com\/lblum\/index.php\/wp-json\/wp\/v2\/pages\/63"}],"collection":[{"href":"https:\/\/www.autoscool-clermont.com\/lblum\/index.php\/wp-json\/wp\/v2\/pages"}],"about":[{"href":"https:\/\/www.autoscool-clermont.com\/lblum\/index.php\/wp-json\/wp\/v2\/types\/page"}],"author":[{"embeddable":true,"href":"https:\/\/www.autoscool-clermont.com\/lblum\/index.php\/wp-json\/wp\/v2\/users\/1"}],"replies":[{"embeddable":true,"href":"https:\/\/www.autoscool-clermont.com\/lblum\/index.php\/wp-json\/wp\/v2\/comments?post=63"}],"version-history":[{"count":3,"href":"https:\/\/www.autoscool-clermont.com\/lblum\/index.php\/wp-json\/wp\/v2\/pages\/63\/revisions"}],"predecessor-version":[{"id":312,"href":"https:\/\/www.autoscool-clermont.com\/lblum\/index.php\/wp-json\/wp\/v2\/pages\/63\/revisions\/312"}],"up":[{"embeddable":true,"href":"https:\/\/www.autoscool-clermont.com\/lblum\/index.php\/wp-json\/wp\/v2\/pages\/53"}],"wp:attachment":[{"href":"https:\/\/www.autoscool-clermont.com\/lblum\/index.php\/wp-json\/wp\/v2\/media?parent=63"}],"curies":[{"name":"wp","href":"https:\/\/api.w.org\/{rel}","templated":true}]}}