{"id":66,"date":"2020-02-12T22:23:26","date_gmt":"2020-02-12T21:23:26","guid":{"rendered":"http:\/\/www.autoscool-clermont.com\/lblum\/?page_id=66"},"modified":"2020-02-12T22:23:54","modified_gmt":"2020-02-12T21:23:54","slug":"la-conduite-supervisee","status":"publish","type":"page","link":"https:\/\/www.autoscool-clermont.com\/lblum\/index.php\/formations\/la-conduite-supervisee\/","title":{"rendered":"La conduite supervis\u00e9e"},"content":{"rendered":"<h2><span style=\"color: #ff6600; text-decoration: underline;\"><strong>A qui s&rsquo;adresse la conduite supervis\u00e9e ?<\/strong><\/span><\/h2>\n<p>Cette formule s\u2019adresse aux candidats de 18 ans et plus, qui souhaitent acqu\u00e9rir une exp\u00e9rience de conduite avant le passage de l\u2019examen du permis de conduire ou apr\u00e8s un \u00e9chec \u00e0 l\u2019\u00e9preuve pratique.<\/p>\n<p>&nbsp;<\/p>\n<h2><span style=\"color: #ff6600; text-decoration: underline;\"><strong>Le principe :<\/strong><\/span><\/h2>\n<p>Le candidat de 18 ans et plus, inscrit dans une \u00e9cole de conduite, aura la possibilit\u00e9 de compl\u00e9ter sa formation initiale par une phase de conduite accompagn\u00e9e lui permettant d\u2019acqu\u00e9rir davantage d\u2019exp\u00e9rience, afin de passer ensuite l\u2019\u00e9preuve pratique dans des conditions sereines. C\u2019est la \u00ab conduite supervis\u00e9e \u00bb, plus souple que l\u2019apprentissage anticip\u00e9 de la conduite.<\/p>\n<p>Comme pour la conduite accompagn\u00e9e \u00e0 partir de 16 ans, le candidat de 18 ans et plus doit au pr\u00e9alable avoir r\u00e9ussi l\u2019\u00e9preuve du code et suivi au moins 20 heures de conduite en \u00e9cole de conduite. C\u2019est l\u2019enseignant qui autorise la personne \u00e0 opter pour cette possibilit\u00e9 en fonction du degr\u00e9 de ma\u00eetrise du v\u00e9hicule, des comp\u00e9tences et des comportements qu\u2019il a observ\u00e9s chez le candidat.<\/p>\n<p>&nbsp;<\/p>\n<h2>&nbsp;<span style=\"color: #ff6600; text-decoration: underline;\"><strong>D\u00e9roulement<\/strong><\/span><\/h2>\n<p>Inscrit dans une \u00e9cole de conduite, j\u2019ai la possibilit\u00e9 de compl\u00e9ter ma formation initiale par une phase de conduite supervis\u00e9e me permettant d\u2019acqu\u00e9rir davantage d\u2019exp\u00e9riences, afin de passer ensuite l\u2019\u00e9preuve pratique dans des conditions sereines. Comme pour la conduite accompagn\u00e9e, je dois au pr\u00e9alable avoir r\u00e9ussi l\u2019\u00e9preuve du code et avoir suivi au moins 20h de conduite en \u00e9cole de conduite (13 heures en cas de formation sur bo\u00eete de vitesses automatique).<\/p>\n<p>Avant de partir en conduite supervis\u00e9e avec un accompagnateur, je dois faire un rendez-vous pr\u00e9alable. D\u2019une dur\u00e9e minimale de 2h, le RV pr\u00e9alable consiste en une s\u00e9quence de conduite sur un v\u00e9hicule de l\u2019\u00e9tablissement. Il r\u00e9unit l\u2019\u00e9l\u00e8ve, install\u00e9 au poste de conduite, l\u2019enseignant \u00e0 ses c\u00f4t\u00e9s et l\u2019accompagnateur assis \u00e0 l\u2019arri\u00e8re, afin de r\u00e9aliser le \u00ab passage de relais \u00bb entre l\u2019enseignant de la conduite et l\u2019accompagnateur. \u00c0 la fin de cette s\u00e9ance, un guide est remis \u00e0 l\u2019accompagnateur, dans lequel il trouvera les informations utiles \u00e0 la formation du futur conducteur.<\/p>\n<p><b>Attention <\/b>: contrairement \u00e0 l\u2019AAC, cette formule ne permet pas de r\u00e9duire la dur\u00e9e de la p\u00e9riode probatoire. Les nouveaux titulaires du permis de conduire disposent de 6 points sur leur permis et doivent attendre trois ans sans infraction avant d\u2019en obtenir 12 .<\/p>\n<p>Pendant toute la p\u00e9riode de conduite supervis\u00e9e : je ne franchis pas les fronti\u00e8res fran\u00e7aises ; mon v\u00e9hicule est \u00e9quip\u00e9 de 2 r\u00e9troviseurs lat\u00e9raux (l\u2019accompagnateur peut ajouter un second r\u00e9troviseur droit et un second r\u00e9troviseur central pour mieux voir vers l\u2019arri\u00e8re) ; j\u2019ajoute le disque \u00ab conduite accompagn\u00e9e \u00bb.<\/p>\n<h2><span style=\"color: #ff6600; text-decoration: underline;\"><strong>Les avantages pour le candidat<\/strong><\/span><\/h2>\n<ul>\n<li>Acqu\u00e9rir un maximum d\u2019exp\u00e9rience et de confiance au volant avant le passage de l&rsquo;\u00e9preuve pratique.<\/li>\n<li>Am\u00e9liorer \u00e0 moindre co\u00fbt ses acquis, notamment en attendant de repasser l\u2019examen pour celui qui a \u00e9chou\u00e9 \u00e0 l\u2019\u00e9preuve pratique<\/li>\n<\/ul>\n<p><strong>Bon \u00e0 savoir&nbsp; : les r\u00e8gles incontournables<\/strong><\/p>\n<p><strong>Apr\u00e8s la phase de formation initiale, le candidat doit&nbsp; :<\/strong><\/p>\n<ol>\n<li>Avoir obtenu un accord pr\u00e9alable \u00e9crit de la soci\u00e9t\u00e9 d&rsquo;assurances sur l\u2019extension de garantie n\u00e9cessaire pour la conduite du ou des v\u00e9hicules utilis\u00e9s au cours de la future phase de conduite supervis\u00e9e.<\/li>\n<\/ol>\n<p>&nbsp;<\/p>\n<p>Cet accord pr\u00e9cise le ou les noms des accompagnateurs autoris\u00e9s par la soci\u00e9t\u00e9 d&rsquo;assurances \u00e0 assurer cette fonction. Il est joint au contrat de formation de l\u2019\u00e9l\u00e8ve qui pr\u00e9cise les obligations relatives \u00e0 la fonction d\u2019accompagnateur et les conditions sp\u00e9cifiques \u00e0 la conduite supervis\u00e9e ou \u00e0 l\u2019avenant au contrat de formation si le choix de la conduite supervis\u00e9e a \u00e9t\u00e9 d\u00e9cid\u00e9 apr\u00e8s la conclusion du contrat.<\/p>\n<p>2.&nbsp;&nbsp;&nbsp; Avoir obtenu l&rsquo;attestation de fin de formation initiale (AFFI).<\/p>\n<p>Un exemplaire est transmis \u00e0 la soci\u00e9t\u00e9 d&rsquo;assurances par le souscripteur du contrat de formation.<\/p>\n<p>&nbsp;<\/p>\n<p><strong>Apr\u00e8s un \u00e9chec \u00e0 l&rsquo;\u00e9preuve pratique de l&rsquo;examen du permis de conduire, le candidat doit :<\/strong><\/p>\n<p>1.&nbsp;&nbsp;&nbsp;&nbsp;&nbsp; Avoir obtenu un accord pr\u00e9alable \u00e9crit de la soci\u00e9t\u00e9 d&rsquo;assurances.<\/p>\n<p>2.&nbsp;&nbsp;&nbsp;&nbsp;&nbsp; Avoir obtenu une autorisation de conduire en conduite supervis\u00e9e.<\/p>\n<p>Un exemplaire est transmis, d\u00e8s sa d\u00e9livrance, \u00e0 la soci\u00e9t\u00e9 d&rsquo;assurances par le souscripteur du contrat de formation<\/p>\n","protected":false},"excerpt":{"rendered":"<p>A qui s&rsquo;adresse la conduite supervis\u00e9e ? Cette formule s\u2019adresse aux candidats de 18 ans et plus, qui souhaitent acqu\u00e9rir une exp\u00e9rience de conduite avant le passage de l\u2019examen du permis de conduire ou apr\u00e8s un \u00e9chec \u00e0 l\u2019\u00e9preuve pratique. &nbsp; Le principe : Le candidat de 18 ans et plus, inscrit dans une \u00e9cole &#8230; <a title=\"La conduite supervis\u00e9e\" class=\"read-more\" href=\"https:\/\/www.autoscool-clermont.com\/lblum\/index.php\/formations\/la-conduite-supervisee\/\" aria-label=\"En savoir plus sur La conduite supervis\u00e9e\">Lire la suite<\/a><\/p>\n","protected":false},"author":1,"featured_media":0,"parent":53,"menu_order":4,"comment_status":"closed","ping_status":"closed","template":"","meta":{"footnotes":""},"_links":{"self":[{"href":"https:\/\/www.autoscool-clermont.com\/lblum\/index.php\/wp-json\/wp\/v2\/pages\/66"}],"collection":[{"href":"https:\/\/www.autoscool-clermont.com\/lblum\/index.php\/wp-json\/wp\/v2\/pages"}],"about":[{"href":"https:\/\/www.autoscool-clermont.com\/lblum\/index.php\/wp-json\/wp\/v2\/types\/page"}],"author":[{"embeddable":true,"href":"https:\/\/www.autoscool-clermont.com\/lblum\/index.php\/wp-json\/wp\/v2\/users\/1"}],"replies":[{"embeddable":true,"href":"https:\/\/www.autoscool-clermont.com\/lblum\/index.php\/wp-json\/wp\/v2\/comments?post=66"}],"version-history":[{"count":1,"href":"https:\/\/www.autoscool-clermont.com\/lblum\/index.php\/wp-json\/wp\/v2\/pages\/66\/revisions"}],"predecessor-version":[{"id":67,"href":"https:\/\/www.autoscool-clermont.com\/lblum\/index.php\/wp-json\/wp\/v2\/pages\/66\/revisions\/67"}],"up":[{"embeddable":true,"href":"https:\/\/www.autoscool-clermont.com\/lblum\/index.php\/wp-json\/wp\/v2\/pages\/53"}],"wp:attachment":[{"href":"https:\/\/www.autoscool-clermont.com\/lblum\/index.php\/wp-json\/wp\/v2\/media?parent=66"}],"curies":[{"name":"wp","href":"https:\/\/api.w.org\/{rel}","templated":true}]}}